-24)/(-9). Suppose -2*r - 3*r + n = 3*s, 2 = -3*s - r. Let f = 2 - s. What are the prime factors of f?
2
Let w(i) = -18*i + 2. Let n be w(-2). Suppose -2*j - 3*k + n = -2, -k = 0. What are the prime factors of j?
2, 5
Let d = 23 - 8. List the prime factors of d.
3, 5
Let r be (0 + 1)/((-3)/(-6)). Suppose 2*v - 4*v = -6. List the prime factors of r/(-6) + 19/v.
2, 3
Suppose -5*x + 6 = -2*x. Suppose 0 = y - 4*p - 28, 3*p + 33 = -x*y + 3*y. Suppose -33 = -3*n + n - s, s - y = -3*n. What are the prime factors of n?
3, 5
Let m be (-2)/(-6) + 35/(-15). Let g(w) = -8*w - 1. Let f be g(m). Suppose 3*n - 40 = -5*c, 2*c - f - 1 = -3*n. List the prime factors of c.
2
Suppose -1 = -t, 4*u - 2*t = 44 + 22. What are the prime factors of u?
17
Let i = -3 + 6. Suppose 3 - 9 = -i*k. Suppose -k*l + 7 = -19. List the prime factors of l.
13
Suppose -h + 3*h - 4*b - 338 = 0, -3*h - b + 514 = 0. List the prime factors of h.
3, 19
Suppose 5*g - 297 = -4*z + 230, -5*g + 518 = z. List the prime factors of g.
103
Suppose -x - p + 42 = 0, 0 = -3*x + 5*p + 2 + 84. List the prime factors of x.
37
Let h(z) = z**2 + z + 7. What are the prime factors of h(-7)?
7
Let x(n) = n + 25. Let j be x(0). Suppose 5*p - j = 15. What are the prime factors of p?
2
Let y be 5/((-5)/(-2)) + 40. Suppose 2*q - y = -0*q. List the prime factors of q.
3, 7
Let m(t) = t**2 - 3*t + 6. List the prime factors of m(6).
2, 3
Suppose -2*d = -4*t - 366, -d - 32 = 4*t - 197. What are the prime factors of d?
3, 59
Let s be 4/(-18) + 188/36. Suppose 6*r - r = -j + 26, 2*j + s*r - 47 = 0. List the prime factors of j.
3, 7
List the prime factors of (-3112)/(-10) + (-1)/5.
311
Suppose 6*a + 160 = a. Let v = 47 + a. List the prime factors of v.
3, 5
Let t(j) = -j**2 + 9*j - 9. Let m be t(7). Suppose m*x + 5*w = 0, -3*w = 2*x - 0*w + 3. Suppose -x*s = -5*s + 24. List the prime factors of s.
2, 3
What are the prime factors of (4/(-6))/(4/(-438))?
73
Let u be -4 + 2/(-2) + 3. Let h be u/(-7) - (-52)/14. Suppose 0 = -0*i + h*i - 24. What are the prime factors of i?
2, 3
Let f(l) = -2*l + 11. List the prime factors of f(-7).
5
Suppose -2*i - 112 = 4*p - 7*p, -100 = -2*p - 5*i. Suppose -2*u + 6*u = p. Let m = u - 1. List the prime factors of m.
3
What are the prime factors of (171/(-12))/((-21)/448)?
2, 19
Let b(j) be the third derivative of 0 - 1/12*j**4 + 0*j + 1/30*j**5 - j**2 + 0*j**3 + 1/120*j**6. What are the prime factors of b(-2)?
2
Let b = 102 - 83. List the prime factors of b.
19
Let a(q) = q**3 - q**2 + q + 2. Let d be 4/((-12)/21) - -3. Let n = 6 + d. What are the prime factors of a(n)?
2
Suppose 0 = h + h. Suppose -3*q + m + 14 = -h*q, -q = 3*m - 18. What are the prime factors of q?
2, 3
Suppose -g + a = 2*a + 23, 57 = -4*g + 3*a. What are the prime factors of g/4*(-10)/3?
3, 5
Let m(h) = h**3 + 9*h**2 - 10*h + 3. Suppose 3*n - 3*l = 5*n + 11, n + 4*l = 2. What are the prime factors of m(n)?
3
Let c = -48 - -10. Let o = c - -22. Let k = o + 33. What are the prime factors of k?
17
Suppose -103 = -4*f + 3*l, f + 4*l - 43 = -l. Let z = -20 + f. What are the prime factors of z?
2
Suppose -g = -q + 133, 2*g + 323 = 3*q - 77. What are the prime factors of q?
2, 67
Let t = 1 + -2. Let y = 7 + t. Suppose 36 = y*h - 2*h. List the prime factors of h.
3
Suppose -3*h + 5*i = -4, -2*h + 2 = -i - 3. Suppose -31 = -3*l - 4*m - 10, -9 = -h*m. Suppose -26 = -3*v - 2*u, -l*u = -2*u - 4. List the prime factors of v.
2, 3
Suppose 820 = 3*w + 2*w. Suppose -4*v + 4*z + w = -0, -196 = -5*v + 2*z. Let r = 54 - v. What are the prime factors of r?
2
What are the prime factors of ((-63)/(-12))/(9/84)?
7
Suppose -23 = l - 42. What are the prime factors of l?
19
Let d = -24 + 59. List the prime factors of d.
5, 7
Let m(q) be the third derivative of 0*q - q**3 + 0 - 2*q**2 + 1/60*q**5 - 5/24*q**4. What are the prime factors of m(7)?
2
Let y(k) be the first derivative of 2*k**3/3 - 3*k**2/2 - 4. What are the prime factors of y(3)?
3
List the prime factors of (8 - 9)/(1 - 0) - -24.
23
Let a(k) = k**3 - 5*k**2 + 4*k - 3. Suppose q - 8 = -q. Let h be a(q). List the prime factors of 4/h*3/(-2).
2
Let g(h) = h**2 + 6*h + 7. Let k be g(-5). Suppose 6 = k*v + v. Suppose -16 - 6 = -v*z. What are the prime factors of z?
11
Suppose -q + 5*w - 95 = -2*q, -4*w = 2*q - 172. What are the prime factors of q?
2, 5
Let r = 7 + 38. List the prime factors of r.
3, 5
Suppose -28 = -2*z + 2*i - 3*i, 5*z = -5*i + 70. Suppose -62 = -4*v - z. What are the prime factors of v?
2, 3
Let t be 5 + 24 + (-1 - -2). Let k = -15 - t. List the prime factors of 2/(-9) + (-865)/k.
19
Suppose 0 = -5*j + j + 4. Let k be j*(1 - 2*-1). Suppose -k*y - 7 = -19. What are the prime factors of y?
2
Let d(p) = -p**3 - 14*p**2 - 2*p. Let v(q) = q**3 + 13*q**2 + q. Let o(b) = 2*d(b) + 3*v(b). List the prime factors of o(-11).
11
Let d(l) = 9*l + 5. List the prime factors of d(15).
2, 5, 7
Suppose -x + 6*x - 220 = 0. List the prime factors of x.
2, 11
Suppose o = -3*o + i + 43, 5*o + 2*i - 57 = 0. Suppose 0 = 3*g - 4*q - 0*q + 1, -3*g + o = -q. Suppose -g*l - 4 = -14. List the prime factors of l.
2
Let k(f) = -f**2 - 7*f - 3. Let z be k(-6). Suppose h + 1 = -4*n + 6*n, -h - 6 = -z*n. What are the prime factors of h?
3
Let f(z) = -6 + 3*z + 8 - 4*z. Let b be f(5). Let p(y) = -y**3 - 2*y**2 - 3. What are the prime factors of p(b)?
2, 3
Let g = 80 - 26. Let u = g + -10. What are the prime factors of u?
2, 11
What are the prime factors of 2 - 503/(-4) - (-9)/(-12)?
127
Suppose 2*g + 0*g - 194 = -5*l, -4*g + 28 = l. What are the prime factors of l?
2, 5
Suppose 0 = -4*o + 1 - 17. Suppose v = -7 + 18. Let t = v + o. What are the prime factors of t?
7
Suppose 3*p = 4*c + 78, -p - 2*c = c - 26. Let h(k) = 5*k + 2. Let g be h(7). Let m = g - p. What are the prime factors of m?
11
Let y = 5 - 3. Let r(c) = 3*c + c + y*c - 1 - 5*c. List the prime factors of r(7).
2, 3
Suppose 51 = q + x + 8, -q = 2*x - 45. Suppose i - q = -4*a, a + 3*a - 37 = 3*i. List the prime factors of a.
2, 5
Let g = 2 + 0. Suppose 4*t - g*o = -12, 3*t - o - 5 = -13. What are the prime factors of (2/4)/(t/(-8))?
2
Suppose n = 2*n - 186. What are the prime factors of n?
2, 3, 31
Suppose 5*b + 0*b - 6 = -2*v, -2*v - 4*b = -8. Let p = 6 - v. Let q(k) = -2*k. List the prime factors of q(p).
2
Suppose 0 = 4*d - d. Let t = 0 - d. Suppose t = w + w - 22. What are the prime factors of w?
11
Suppose 4*u = -g + 62 - 27, 0 = -g + 2*u + 5. List the prime factors of g.
3, 5
Suppose 9 = 2*b + b. Suppose 0*z - 5*z = 3*u - 35, -41 = -5*u - 4*z. Suppose b*q - u*q = -32. What are the prime factors of q?
2
Let g(r) = -2*r**3 - 6*r**2 + 10*r - 1. List the prime factors of g(-6).
5, 31
Let s(a) = 3*a + 50. List the prime factors of s(26).
2
Suppose -23 = -5*p + 4*r, -3*p + 5*p - 4*r - 14 = 0. Suppose 19 = -p*c + 5*k - 6, 5*c = 2*k - 10. Suppose c*d = 5*d - 45. List the prime factors of d.
3
Let x(r) = r**3 - r**2 + r + 3. Let l be x(0). Let u be ((-3)/l)/((-2)/(-22)). Let d = -3 - u. What are the prime factors of d?
2
Suppose 1069 - 277 = 9*y. What are the prime factors of y?
2, 11
Suppose -5*t + f = -88 - 197, 0 = -2*f + 10. Suppose 62 = 5*q - t. What are the prime factors of q?
2, 3
Let s = 79 + 90. List the prime factors of s.
13
Let d(f) = -f**2 - 7*f - 9. Let k be d(-7). Let q = k + 21. List the prime factors of q.
2, 3
Let g(v) = 6*v. Let q be g(5). Suppose 0*n = 5*n - q. What are the prime factors of n?
2, 3
Let n = -52 - -78. Suppose 0 = -y + 3*y - n. What are the prime factors of y?
13
Let x(s) = -s**3 + 3*s**2 + s + 4. Let u be x(3). Suppose -2*g = -u - 1. List the prime factors of g.
2
Suppose 0 = -3*z - z + 356. Suppose 0 = 3*s - 8*s - 4*t + z, 5*t = -3*s + 43. Suppose -2*j = 3*a - s, 0*a + 5*j + 60 = 5*a. What are the prime factors of a?
3
Suppose 3*u + 0 = 3, 5*u + 109 = 3*d. List the prime factors of d.
2, 19
Let z = -14 - -61. What are the prime factors of z?
47
Let b(r) = 3*r**2 + r. Let d be b(2). What are the prime factors of (-105)/d*(-2 - 0)?
3, 5
Let g(c) = 3 - 2 - 3*c + 11*c + 6*c. Let s be g(-1). Let n = s - -22. List the prime factors of n.
3
Let a = 61 - 17. What are the prime factors of a?
2, 11
Suppose 4 = 3*j - 8. Suppose -j*p = -p - 132. Suppose 0 = 3*n + n - p. List the prime factors of n.
11
Suppose 3*q 